factors of t(c).
2, 7
Let x(q) = 0*q**2 - 2*q**2 - 2*q**3 + q + 0*q**3 - 5 + q**3. List the prime factors of x(-5).
5, 13
Let z = -113 - 70. Let t = z + 356. What are the prime factors of t?
173
Suppose 7*x = 2*l + 8*x - 4255, -l = 4*x - 2117. What are the prime factors of l?
2129
Suppose -2*o + 49 = -4*y + 7, 5*o = 2*y + 33. List the prime factors of (-4 - 561/(-27)) + (-2)/y.
17
Let z = 4 + 1. Suppose 306 = z*h - 239. List the prime factors of h.
109
Suppose 7155 = 4*g - 18*p + 15*p, 2*p = 2*g - 3578. What are the prime factors of g?
2, 3, 149
Suppose 4*u - 1116 - 1484 = -2*t, -6479 = -5*t - 3*u. What are the prime factors of t?
2, 647
Suppose 8*w - 6*w - 2 = 0. Suppose -j = w - 3. Suppose 7*k = j*k + 80. What are the prime factors of k?
2
Let v = 488 + 460. What are the prime factors of v?
2, 3, 79
Let j be 135/9*68/(-6). Let q = j + 244. What are the prime factors of q?
2, 37
Let g be (-13)/((-2)/28*2). Suppose -4*o = 2*c + 42 + 8, -2*o + g = -3*c. Let v = 43 + c. List the prime factors of v.
2, 7
Let z be (-3 + 1)*(-2)/(1*-2). List the prime factors of 1224/48*(z - (-8)/3).
17
Let s(p) = -4*p - 13. Let v be s(3). Let h = v - -107. What are the prime factors of h?
2, 41
Let v = -54 - -67. Suppose v*q - 6*q = 154. What are the prime factors of q?
2, 11
Suppose 3*m - 15 = -3*d, 5*m = 4*d + 19 - 3. Let b(o) = 7*o + 222 - 437 + 217. What are the prime factors of b(m)?
2, 3, 5
What are the prime factors of 3 - -175 - -4 - (-3 + -1)?
2, 3, 31
Let t(c) = -308*c**3 + 4*c**2 + 14*c + 18. List the prime factors of t(-2).
2, 5, 13, 19
What are the prime factors of 4*(-3)/(-6) - -728?
2, 5, 73
Let f(y) = 14*y**2 - 3*y - 6. Let i be f(5). Suppose -2*v - 169 = -287. Suppose -6*r + i = v. List the prime factors of r.
3, 5
Suppose -9*z + 6*z = -12. Suppose 0 = -z*b + 19 + 21. What are the prime factors of b?
2, 5
Let b = -647 + 2356. What are the prime factors of b?
1709
Let y(x) = -x**2 - 18*x + 2. Let z(c) = c**3 - 6*c**2 + 5*c. Let q be z(4). What are the prime factors of y(q)?
2, 37
Suppose 236 = -5*p + p. Let v = -22 - p. List the prime factors of v.
37
Let h = 44 + -40. Suppose q + q - 4*r = 104, 0 = -5*q + h*r + 278. What are the prime factors of q?
2, 29
Suppose -12*d = d - 1417. List the prime factors of d.
109
Let l be 38568/42 - -3*(-4)/42. Suppose -12*v + x = -7*v - l, 4*x = -2*v + 376. What are the prime factors of v?
2, 23
Let p(w) = -2*w - 8. Let m be p(-6). Suppose -49 = -b + m*l, 99 = 2*b - l + 15. List the prime factors of 4/(-8)*-2 + b.
2, 3, 7
Let s = 1 - 40. Let b = s - -50. What are the prime factors of b?
11
Suppose -5*p - 20 = -5*k, 4*p = -2*k - p - 27. List the prime factors of ((-1)/(-1))/(k/(-58)).
2, 29
Let y = 1 - -4. Suppose -4*g - 13 = -n, -5*n + 3*n + 8 = g. Suppose n*s = y, 3*z - 10 - 9 = 5*s. What are the prime factors of z?
2
Let h(x) = 132*x - 1560. What are the prime factors of h(56)?
2, 3
Let h = -156 - -279. Suppose -3*d + h = -6. List the prime factors of d.
43
Suppose 10814 = 2*d + 2*t, -2*d - 4*t + 5910 + 4896 = 0. What are the prime factors of d?
7, 773
Suppose 0 = -8*j - 7*j + 10365. What are the prime factors of j?
691
Let i be -3 + (-2)/(-2) + 4. Suppose 26 = i*n - 10. Suppose -n = -f + 3. What are the prime factors of f?
3, 7
Let x = -71 + 79. Suppose 10*j - 304 = x*j. What are the prime factors of j?
2, 19
Let n = -15 - -8. Let p = n - -12. Suppose -p*a = -0*a - 35. List the prime factors of a.
7
Let i(g) = -11*g**2 + g + 4. Let h(j) = -21*j**2 + 2*j + 7. Let a(f) = -3*h(f) + 5*i(f). Let r be a(-1). Let q = r - 5. What are the prime factors of q?
3
Let p(c) = c**2 - 25*c - 2*c**2 - 125 + 87. What are the prime factors of p(-11)?
2, 29
Let c = 73 + -143. Suppose 19*q + 18 - 56 = 0. What are the prime factors of c*(q/(-5) + 0)?
2, 7
Let c(h) = -h**2 + 13*h + 37. Let k be c(15). Suppose -2*x = -k*x + 355. What are the prime factors of x?
71
Suppose 0 = 4*l - 5*l + 300. Suppose l = 17*q - 14*q. What are the prime factors of q?
2, 5
Suppose 2*h - 254 - 276 = 0. Suppose -7*v = -2*v - h. What are the prime factors of v?
53
Suppose y - 167 = 381. List the prime factors of y.
2, 137
Let q(w) = -2 + w**2 + 9*w + 0*w + 4*w - 3*w**2. Let c be q(10). List the prime factors of c/(-20) - 6/(-15).
2
Suppose -z + 2*u + 4 = 0, -4*z - u + 0 = 11. Let l be 3 + 0 + (-4 - z). Suppose -p = -g + l + 14, -2*p - 42 = -3*g. List the prime factors of g.
2, 3
Let f(z) = 11*z**3 + 5*z - 15. List the prime factors of f(4).
709
Let n be 72/(-4)*2/(-3). Let z = n - 10. Suppose 0*w = -5*k - z*w + 87, w - 35 = -2*k. List the prime factors of k.
17
Suppose 227 = 3*r + 4*x + 8, -5*r + 348 = x. List the prime factors of r.
3, 23
Let c = -30 + 34. Suppose -c*p = -7*p + 273. List the prime factors of p.
7, 13
Suppose 0 = 3*u, 2*q + 4*u + 360 = 5*q. List the prime factors of q.
2, 3, 5
Let i(j) = -21*j**3 - 4*j**2 - 5*j - 4. Suppose -6*u - 12 + 0 = 0. What are the prime factors of i(u)?
2, 79
Let y(p) be the second derivative of p**3/2 - p**2 - p. Suppose 7 = -5*w - 3*d + 28, 4*w - 33 = 3*d. What are the prime factors of y(w)?
2
Let j(p) = 4*p**2 + 9*p - 5. Let v be j(-5). Let l = -15 + v. List the prime factors of l.
5, 7
Suppose 2*p = 3*w + 745, 0 = -3*p - 2*p - 2*w + 1853. What are the prime factors of p?
7, 53
Let h = -5 + 11. Let d(b) = -12*b + 83. Let x be d(-6). List the prime factors of x/3 - (-2)/h.
2, 13
Suppose 0 = -460*t + 463*t - 1533. What are the prime factors of t?
7, 73
Let f = 18124 + -12207. List the prime factors of f.
61, 97
List the prime factors of -1*222*(-155)/62.
3, 5, 37
Suppose 2*p = 5*p + 3, -1210 = -5*f - 5*p. List the prime factors of f.
3
Suppose 3*c + a - 2962 = 0, -4*c + 2*a + 1960 + 1996 = 0. What are the prime factors of c?
2, 13, 19
Let d be (-2)/(-4)*(-3 + 3). Suppose -4*l - 4*r = -0*r - 156, d = 4*r - 8. List the prime factors of l.
37
Suppose 46589 = 28*l - 3755. What are the prime factors of l?
2, 29, 31
Let y(r) = r. Let h be y(9). Suppose h*w = 4*w + 3*z + 781, w + 3*z = 149. List the prime factors of w.
5, 31
List the prime factors of (-1)/(7/(-3129)) + -7.
2, 5, 11
Let u = 507 - 159. Suppose -5*g + u = 2*a, -455 = -2*a - 3*g - 103. What are the prime factors of a?
179
Let i(f) = -4 + 3 - 19*f**2 - 3*f**2 + f + 2*f**2. Let r be i(1). Let q = r + 33. What are the prime factors of q?
13
Let c = 12 + -112. Let f = -6 - c. What are the prime factors of f?
2, 47
Let v = -30 + 35. Suppose -v*n = -3*q - 630, -q = -5*q. What are the prime factors of n?
2, 3, 7
Let h(f) = -4*f - 8. Let w be h(-2). Suppose w = 4*q - 1034 - 6. What are the prime factors of q?
2, 5, 13
Suppose 32*p = 27*p + 2325. What are the prime factors of p?
3, 5, 31
Let w = -30 + 34. Suppose -9 = -w*u + 155. List the prime factors of u.
41
Let b be (8/(-12))/(1/(-3)). Suppose -8 = -2*v + b. Suppose -36 = -v*h + 74. What are the prime factors of h?
2, 11
Suppose 56 = 4*y - 64. What are the prime factors of y?
2, 3, 5
Let f = -1151 + 2001. What are the prime factors of f?
2, 5, 17
Let p(f) = -2*f - 4. Let k = -9 - -14. Suppose 0*b = k*b + 50. What are the prime factors of p(b)?
2
Let i = -2 - -5. Let t be ((-1)/2)/((-5)/570). Let g = t - i. What are the prime factors of g?
2, 3
Suppose c - 559 = h - 4*h, c = 2*h + 554. List the prime factors of c.
2, 139
Let k(n) = -n**3 + 6*n**2 + n - 4. Let j = 14 + -8. Let w be k(j). Suppose 0 = -w*x - 3*b + 39, -x - x + b = -51. What are the prime factors of x?
2, 3
Let k(x) = x**2 - 4*x + 1. Let a be k(3). Suppose 14*q + 268 = -222. What are the prime factors of (-21)/a*(-60)/q?
2, 3
Let c(l) = -l**2 + l - 1. Let q be c(-6). Suppose -4*i + 46 = -6*i. Let f = i - q. List the prime factors of f.
2, 5
Let m(i) = 3*i**2 + 11*i + 5. Let p(o) = -o**2 - 5*o - 2. Let c(r) = 3*m(r) + 7*p(r). Let q be ((-5)/(-2))/(2/(-4)). List the prime factors of c(q).
61
Suppose 0 = -6*r + 8*r. Suppose 2*v - 4*l + l = 3, r = 5*v - l - 1. Suppose v*u + 2*u - 20 = 0. What are the prime factors of u?
2, 5
Let p(t) = -70*t**3 + 9*t**2 + 14*t - 4. What are the prime factors of p(-3)?
5, 7, 11
Suppose 4*q - 69*q = -185835. What are the prime factors of q?
3, 953
Suppose -6*t + t = 3*w + 15, 5*w - 2*t = -56. Let d = -12 - w. Let o(n) = -7*n - 3. What are the prime factors of o(d)?
11
Suppose 0*u - u + 2*t = 1, -5*u + 3*t = -9. Suppose